{"id":27964,"date":"2021-02-23T12:13:32","date_gmt":"2021-02-23T12:13:32","guid":{"rendered":"https:\/\/shop.druckso.de\/?post_type=product&#038;p=27964"},"modified":"2021-02-23T12:13:51","modified_gmt":"2021-02-23T12:13:51","slug":"corkscrew-pom-pom-beanie","status":"publish","type":"product","link":"https:\/\/shop.druckso.de\/?product=corkscrew-pom-pom-beanie","title":{"rendered":"Corkscrew Pom Pom Beanie"},"content":{"rendered":"<div class=\"wpb-content-wrapper\"><p>[vc_row][vc_column width=&#8220;1\/4&#8243;][vc_single_image image=&#8220;27960&#8243; alignment=&#8220;center&#8220; style=&#8220;vc_box_rounded&#8220; onclick=&#8220;img_link_large&#8220;][vc_single_image image=&#8220;27959&#8243; alignment=&#8220;center&#8220; style=&#8220;vc_box_rounded&#8220; onclick=&#8220;img_link_large&#8220;][vc_single_image image=&#8220;27957&#8243; alignment=&#8220;center&#8220; style=&#8220;vc_box_rounded&#8220; onclick=&#8220;img_link_large&#8220;][vc_single_image image=&#8220;27958&#8243; alignment=&#8220;center&#8220; style=&#8220;vc_box_rounded&#8220; onclick=&#8220;img_link_large&#8220;][\/vc_column][vc_column width=&#8220;3\/4&#8243;][vc_custom_heading text=&#8220;Corkscrew Pom Pom Beanie &#8220; google_fonts=&#8220;font_family:Montserrat%3Aregular%2C700|font_style:400%20regular%3A400%3Anormal&#8220;][vc_column_text]Style dein Alltag mit modischen M\u00fctzen.<\/p>\n<ul>\n<li>Weich gesponnenes Polyacryl<\/li>\n<li>TearAwayLabel f\u00fcr einfaches Neulabeln<\/li>\n<li>Robustes Multigarn-Zopfmuster<\/li>\n<li>Kr\u00e4ftiges 4-farbiges Streifendesign<\/li>\n<li>Luxuri\u00f6ses Band aus Lammfell f\u00fcr zus\u00e4tzliche W\u00e4rme<\/li>\n<li>Aufschlagdesign zur optimalen Verzierung<\/li>\n<\/ul>\n<p>[\/vc_column_text][\/vc_column][\/vc_row]<\/p>\n<\/div>","protected":false},"excerpt":{"rendered":"<p>Corkscrew Pom Pom Beanie<\/p>\n","protected":false},"featured_media":27957,"comment_status":"closed","ping_status":"closed","template":"","meta":[],"product_brand":[],"product_cat":[436,467],"product_tag":[],"class_list":{"0":"post-27964","1":"product","2":"type-product","3":"status-publish","4":"has-post-thumbnail","6":"product_cat-accessoires","7":"product_cat-caps","9":"first","10":"instock","11":"taxable","12":"shipping-taxable","13":"purchasable","14":"product-type-variable"},"bundle_layout":"","bundled_by":[],"bundled_items":[],"_links":{"self":[{"href":"https:\/\/shop.druckso.de\/index.php?rest_route=\/wp\/v2\/product\/27964","targetHints":{"allow":["GET"]}}],"collection":[{"href":"https:\/\/shop.druckso.de\/index.php?rest_route=\/wp\/v2\/product"}],"about":[{"href":"https:\/\/shop.druckso.de\/index.php?rest_route=\/wp\/v2\/types\/product"}],"replies":[{"embeddable":true,"href":"https:\/\/shop.druckso.de\/index.php?rest_route=%2Fwp%2Fv2%2Fcomments&post=27964"}],"wp:featuredmedia":[{"embeddable":true,"href":"https:\/\/shop.druckso.de\/index.php?rest_route=\/wp\/v2\/media\/27957"}],"wp:attachment":[{"href":"https:\/\/shop.druckso.de\/index.php?rest_route=%2Fwp%2Fv2%2Fmedia&parent=27964"}],"wp:term":[{"taxonomy":"product_brand","embeddable":true,"href":"https:\/\/shop.druckso.de\/index.php?rest_route=%2Fwp%2Fv2%2Fproduct_brand&post=27964"},{"taxonomy":"product_cat","embeddable":true,"href":"https:\/\/shop.druckso.de\/index.php?rest_route=%2Fwp%2Fv2%2Fproduct_cat&post=27964"},{"taxonomy":"product_tag","embeddable":true,"href":"https:\/\/shop.druckso.de\/index.php?rest_route=%2Fwp%2Fv2%2Fproduct_tag&post=27964"}],"curies":[{"name":"wp","href":"https:\/\/api.w.org\/{rel}","templated":true}]}}